{"id":3356,"date":"2025-06-02T13:56:37","date_gmt":"2025-06-02T13:56:37","guid":{"rendered":"https:\/\/svenskamedbaby.se\/?post_type=mec-events&#038;p=3356"},"modified":"2025-06-05T10:33:45","modified_gmt":"2025-06-05T10:33:45","slug":"dans-och-rorelse-965","status":"publish","type":"mec-events","link":"https:\/\/svenskamedbaby.se\/ar\/verksamheter\/dans-och-rorelse-965\/","title":{"rendered":"Avslutnings fest"},"content":{"rendered":"<p>Nu knyter vi ihop terminen tillsammans med en festlig avslutning f\u00f6r hela familjen!<\/p>\n\n\n\n<p>Vi bjuder in till en vernissage d\u00e4r vi st\u00e4ller ut barnens konstverk som skapats under v\u00e5ren \u2013 ett fint tillf\u00e4lle att se all kreativitet som v\u00e4xt fram! Under vernissagen utser vi ocks\u00e5 tre vinnare som f\u00e5r en liten present.<\/p>\n\n\n\n<p>Det blir \u00e4ven midsommartema med roliga midsommarlekar f\u00f6r hela familjen. Alla familjer med <strong>barn upp till 10 \u00e5r<\/strong> \u00e4r v\u00e4lkomna, samt<strong> seniorer<\/strong>.<\/p>\n\n\n\n<p><\/p>","protected":false},"excerpt":{"rendered":"<p>Nu knyter vi ihop terminen tillsammans med en festlig avslutning f\u00f6r hela familjen! Vi bjuder in till en vernissage d\u00e4r vi st\u00e4ller ut barnens konstverk som skapats under v\u00e5ren \u2013 ett fint tillf\u00e4lle att se all kreativitet som v\u00e4xt fram! Under vernissagen utser vi ocks\u00e5 tre vinnare som f\u00e5r en liten present. Det blir \u00e4ven&#8230;<\/p>","protected":false},"author":20,"featured_media":2651,"comment_status":"closed","ping_status":"closed","template":"","meta":{"_kad_post_transparent":"","_kad_post_title":"","_kad_post_layout":"","_kad_post_sidebar_id":"","_kad_post_content_style":"","_kad_post_vertical_padding":"","_kad_post_feature":"","_kad_post_feature_position":"","_kad_post_header":false,"_kad_post_footer":false},"tags":[],"mec_category":[124],"mec_sponsor":[],"class_list":["post-3356","mec-events","type-mec-events","status-publish","has-post-thumbnail","hentry","mec_category-motesplats-welcomehouse"],"yoast_head":"<!-- This site is optimized with the Yoast SEO plugin v27.5 - https:\/\/yoast.com\/product\/yoast-seo-wordpress\/ -->\n<title>Avslutnings fest - Svenska med baby<\/title>\n<meta name=\"robots\" content=\"index, follow, max-snippet:-1, max-image-preview:large, max-video-preview:-1\" \/>\n<link rel=\"canonical\" href=\"https:\/\/svenskamedbaby.se\/ar\/verksamheter\/dans-och-rorelse-965\/\" \/>\n<meta property=\"og:locale\" content=\"ar_AR\" \/>\n<meta property=\"og:type\" content=\"article\" \/>\n<meta property=\"og:title\" content=\"Avslutnings fest - Svenska med baby\" \/>\n<meta property=\"og:description\" content=\"Nu knyter vi ihop terminen tillsammans med en festlig avslutning f\u00f6r hela familjen! Vi bjuder in till en vernissage d\u00e4r vi st\u00e4ller ut barnens konstverk som skapats under v\u00e5ren \u2013 ett fint tillf\u00e4lle att se all kreativitet som v\u00e4xt fram! Under vernissagen utser vi ocks\u00e5 tre vinnare som f\u00e5r en liten present. Det blir \u00e4ven...\" \/>\n<meta property=\"og:url\" content=\"https:\/\/svenskamedbaby.se\/ar\/verksamheter\/dans-och-rorelse-965\/\" \/>\n<meta property=\"og:site_name\" content=\"Svenska med baby\" \/>\n<meta property=\"article:publisher\" content=\"https:\/\/www.facebook.com\/svenskamedbaby\" \/>\n<meta property=\"article:modified_time\" content=\"2025-06-05T10:33:45+00:00\" \/>\n<meta property=\"og:image\" content=\"https:\/\/svenskamedbaby.se\/wp-content\/uploads\/2025\/02\/Kopia-av-9Z2A0713-scaled.jpg\" \/>\n\t<meta property=\"og:image:width\" content=\"2560\" \/>\n\t<meta property=\"og:image:height\" content=\"1710\" \/>\n\t<meta property=\"og:image:type\" content=\"image\/jpeg\" \/>\n<meta name=\"twitter:card\" content=\"summary_large_image\" \/>\n<meta name=\"twitter:label1\" content=\"\u0648\u0642\u062a \u0627\u0644\u0642\u0631\u0627\u0621\u0629 \u0627\u0644\u0645\u064f\u0642\u062f\u0651\u0631\" \/>\n\t<meta name=\"twitter:data1\" content=\"\u062f\u0642\u064a\u0642\u0629 \u0648\u0627\u062d\u062f\u0629\" \/>\n<script type=\"application\/ld+json\" class=\"yoast-schema-graph\">{\"@context\":\"https:\\\/\\\/schema.org\",\"@graph\":[{\"@type\":\"WebPage\",\"@id\":\"https:\\\/\\\/svenskamedbaby.se\\\/verksamheter\\\/dans-och-rorelse-965\\\/\",\"url\":\"https:\\\/\\\/svenskamedbaby.se\\\/verksamheter\\\/dans-och-rorelse-965\\\/\",\"name\":\"Avslutnings fest - Svenska med baby\",\"isPartOf\":{\"@id\":\"https:\\\/\\\/svenskamedbaby.se\\\/#website\"},\"primaryImageOfPage\":{\"@id\":\"https:\\\/\\\/svenskamedbaby.se\\\/verksamheter\\\/dans-och-rorelse-965\\\/#primaryimage\"},\"image\":{\"@id\":\"https:\\\/\\\/svenskamedbaby.se\\\/verksamheter\\\/dans-och-rorelse-965\\\/#primaryimage\"},\"thumbnailUrl\":\"https:\\\/\\\/svenskamedbaby.se\\\/wp-content\\\/uploads\\\/2025\\\/02\\\/Kopia-av-9Z2A0713-scaled.jpg\",\"datePublished\":\"2025-06-02T13:56:37+00:00\",\"dateModified\":\"2025-06-05T10:33:45+00:00\",\"breadcrumb\":{\"@id\":\"https:\\\/\\\/svenskamedbaby.se\\\/verksamheter\\\/dans-och-rorelse-965\\\/#breadcrumb\"},\"inLanguage\":\"ar\",\"potentialAction\":[{\"@type\":\"ReadAction\",\"target\":[\"https:\\\/\\\/svenskamedbaby.se\\\/verksamheter\\\/dans-och-rorelse-965\\\/\"]}]},{\"@type\":\"ImageObject\",\"inLanguage\":\"ar\",\"@id\":\"https:\\\/\\\/svenskamedbaby.se\\\/verksamheter\\\/dans-och-rorelse-965\\\/#primaryimage\",\"url\":\"https:\\\/\\\/svenskamedbaby.se\\\/wp-content\\\/uploads\\\/2025\\\/02\\\/Kopia-av-9Z2A0713-scaled.jpg\",\"contentUrl\":\"https:\\\/\\\/svenskamedbaby.se\\\/wp-content\\\/uploads\\\/2025\\\/02\\\/Kopia-av-9Z2A0713-scaled.jpg\",\"width\":2560,\"height\":1710},{\"@type\":\"BreadcrumbList\",\"@id\":\"https:\\\/\\\/svenskamedbaby.se\\\/verksamheter\\\/dans-och-rorelse-965\\\/#breadcrumb\",\"itemListElement\":[{\"@type\":\"ListItem\",\"position\":1,\"name\":\"Home\",\"item\":\"https:\\\/\\\/svenskamedbaby.se\\\/\"},{\"@type\":\"ListItem\",\"position\":2,\"name\":\"Evenemang\",\"item\":\"https:\\\/\\\/svenskamedbaby.se\\\/verksamheter\\\/\"},{\"@type\":\"ListItem\",\"position\":3,\"name\":\"Avslutnings fest\"}]},{\"@type\":\"WebSite\",\"@id\":\"https:\\\/\\\/svenskamedbaby.se\\\/#website\",\"url\":\"https:\\\/\\\/svenskamedbaby.se\\\/\",\"name\":\"Svenska med baby\",\"description\":\"Tr\u00e4ffar f\u00f6r sm\u00e5barn och vuxna med olika bakrund\",\"publisher\":{\"@id\":\"https:\\\/\\\/svenskamedbaby.se\\\/#organization\"},\"potentialAction\":[{\"@type\":\"SearchAction\",\"target\":{\"@type\":\"EntryPoint\",\"urlTemplate\":\"https:\\\/\\\/svenskamedbaby.se\\\/?s={search_term_string}\"},\"query-input\":{\"@type\":\"PropertyValueSpecification\",\"valueRequired\":true,\"valueName\":\"search_term_string\"}}],\"inLanguage\":\"ar\"},{\"@type\":\"Organization\",\"@id\":\"https:\\\/\\\/svenskamedbaby.se\\\/#organization\",\"name\":\"Svenska med baby\",\"url\":\"https:\\\/\\\/svenskamedbaby.se\\\/\",\"logo\":{\"@type\":\"ImageObject\",\"inLanguage\":\"ar\",\"@id\":\"https:\\\/\\\/svenskamedbaby.se\\\/#\\\/schema\\\/logo\\\/image\\\/\",\"url\":\"https:\\\/\\\/svenskamedbaby.se\\\/wp-content\\\/uploads\\\/2024\\\/01\\\/cropped-logo-liggande_orange.png\",\"contentUrl\":\"https:\\\/\\\/svenskamedbaby.se\\\/wp-content\\\/uploads\\\/2024\\\/01\\\/cropped-logo-liggande_orange.png\",\"width\":3101,\"height\":1056,\"caption\":\"Svenska med baby\"},\"image\":{\"@id\":\"https:\\\/\\\/svenskamedbaby.se\\\/#\\\/schema\\\/logo\\\/image\\\/\"},\"sameAs\":[\"https:\\\/\\\/www.facebook.com\\\/svenskamedbaby\",\"https:\\\/\\\/www.instagram.com\\\/svenskamedbaby\\\/\",\"https:\\\/\\\/www.youtube.com\\\/@svenskamedbaby2469\"]}]}<\/script>\n<!-- \/ Yoast SEO plugin. -->","yoast_head_json":{"title":"Avslutnings fest - Svenska med baby","robots":{"index":"index","follow":"follow","max-snippet":"max-snippet:-1","max-image-preview":"max-image-preview:large","max-video-preview":"max-video-preview:-1"},"canonical":"https:\/\/svenskamedbaby.se\/ar\/verksamheter\/dans-och-rorelse-965\/","og_locale":"ar_AR","og_type":"article","og_title":"Avslutnings fest - Svenska med baby","og_description":"Nu knyter vi ihop terminen tillsammans med en festlig avslutning f\u00f6r hela familjen! Vi bjuder in till en vernissage d\u00e4r vi st\u00e4ller ut barnens konstverk som skapats under v\u00e5ren \u2013 ett fint tillf\u00e4lle att se all kreativitet som v\u00e4xt fram! Under vernissagen utser vi ocks\u00e5 tre vinnare som f\u00e5r en liten present. Det blir \u00e4ven...","og_url":"https:\/\/svenskamedbaby.se\/ar\/verksamheter\/dans-och-rorelse-965\/","og_site_name":"Svenska med baby","article_publisher":"https:\/\/www.facebook.com\/svenskamedbaby","article_modified_time":"2025-06-05T10:33:45+00:00","og_image":[{"width":2560,"height":1710,"url":"https:\/\/svenskamedbaby.se\/wp-content\/uploads\/2025\/02\/Kopia-av-9Z2A0713-scaled.jpg","type":"image\/jpeg"}],"twitter_card":"summary_large_image","twitter_misc":{"\u0648\u0642\u062a \u0627\u0644\u0642\u0631\u0627\u0621\u0629 \u0627\u0644\u0645\u064f\u0642\u062f\u0651\u0631":"\u062f\u0642\u064a\u0642\u0629 \u0648\u0627\u062d\u062f\u0629"},"schema":{"@context":"https:\/\/schema.org","@graph":[{"@type":"WebPage","@id":"https:\/\/svenskamedbaby.se\/verksamheter\/dans-och-rorelse-965\/","url":"https:\/\/svenskamedbaby.se\/verksamheter\/dans-och-rorelse-965\/","name":"Avslutnings fest - Svenska med baby","isPartOf":{"@id":"https:\/\/svenskamedbaby.se\/#website"},"primaryImageOfPage":{"@id":"https:\/\/svenskamedbaby.se\/verksamheter\/dans-och-rorelse-965\/#primaryimage"},"image":{"@id":"https:\/\/svenskamedbaby.se\/verksamheter\/dans-och-rorelse-965\/#primaryimage"},"thumbnailUrl":"https:\/\/svenskamedbaby.se\/wp-content\/uploads\/2025\/02\/Kopia-av-9Z2A0713-scaled.jpg","datePublished":"2025-06-02T13:56:37+00:00","dateModified":"2025-06-05T10:33:45+00:00","breadcrumb":{"@id":"https:\/\/svenskamedbaby.se\/verksamheter\/dans-och-rorelse-965\/#breadcrumb"},"inLanguage":"ar","potentialAction":[{"@type":"ReadAction","target":["https:\/\/svenskamedbaby.se\/verksamheter\/dans-och-rorelse-965\/"]}]},{"@type":"ImageObject","inLanguage":"ar","@id":"https:\/\/svenskamedbaby.se\/verksamheter\/dans-och-rorelse-965\/#primaryimage","url":"https:\/\/svenskamedbaby.se\/wp-content\/uploads\/2025\/02\/Kopia-av-9Z2A0713-scaled.jpg","contentUrl":"https:\/\/svenskamedbaby.se\/wp-content\/uploads\/2025\/02\/Kopia-av-9Z2A0713-scaled.jpg","width":2560,"height":1710},{"@type":"BreadcrumbList","@id":"https:\/\/svenskamedbaby.se\/verksamheter\/dans-och-rorelse-965\/#breadcrumb","itemListElement":[{"@type":"ListItem","position":1,"name":"Home","item":"https:\/\/svenskamedbaby.se\/"},{"@type":"ListItem","position":2,"name":"Evenemang","item":"https:\/\/svenskamedbaby.se\/verksamheter\/"},{"@type":"ListItem","position":3,"name":"Avslutnings fest"}]},{"@type":"WebSite","@id":"https:\/\/svenskamedbaby.se\/#website","url":"https:\/\/svenskamedbaby.se\/","name":"Svenska med baby","description":"\u0627\u062c\u062a\u0645\u0627\u0639\u0627\u062a \u0644\u0644\u0623\u0637\u0641\u0627\u0644 \u0627\u0644\u0635\u063a\u0627\u0631 \u0648\u0627\u0644\u0643\u0628\u0627\u0631 \u0645\u0646 \u062e\u0644\u0641\u064a\u0627\u062a \u0645\u062e\u062a\u0644\u0641\u0629","publisher":{"@id":"https:\/\/svenskamedbaby.se\/#organization"},"potentialAction":[{"@type":"SearchAction","target":{"@type":"EntryPoint","urlTemplate":"https:\/\/svenskamedbaby.se\/?s={search_term_string}"},"query-input":{"@type":"PropertyValueSpecification","valueRequired":true,"valueName":"search_term_string"}}],"inLanguage":"ar"},{"@type":"Organization","@id":"https:\/\/svenskamedbaby.se\/#organization","name":"Svenska med baby","url":"https:\/\/svenskamedbaby.se\/","logo":{"@type":"ImageObject","inLanguage":"ar","@id":"https:\/\/svenskamedbaby.se\/#\/schema\/logo\/image\/","url":"https:\/\/svenskamedbaby.se\/wp-content\/uploads\/2024\/01\/cropped-logo-liggande_orange.png","contentUrl":"https:\/\/svenskamedbaby.se\/wp-content\/uploads\/2024\/01\/cropped-logo-liggande_orange.png","width":3101,"height":1056,"caption":"Svenska med baby"},"image":{"@id":"https:\/\/svenskamedbaby.se\/#\/schema\/logo\/image\/"},"sameAs":["https:\/\/www.facebook.com\/svenskamedbaby","https:\/\/www.instagram.com\/svenskamedbaby\/","https:\/\/www.youtube.com\/@svenskamedbaby2469"]}]}},"_links":{"self":[{"href":"https:\/\/svenskamedbaby.se\/ar\/wp-json\/wp\/v2\/mec-events\/3356","targetHints":{"allow":["GET"]}}],"collection":[{"href":"https:\/\/svenskamedbaby.se\/ar\/wp-json\/wp\/v2\/mec-events"}],"about":[{"href":"https:\/\/svenskamedbaby.se\/ar\/wp-json\/wp\/v2\/types\/mec-events"}],"author":[{"embeddable":true,"href":"https:\/\/svenskamedbaby.se\/ar\/wp-json\/wp\/v2\/users\/20"}],"replies":[{"embeddable":true,"href":"https:\/\/svenskamedbaby.se\/ar\/wp-json\/wp\/v2\/comments?post=3356"}],"wp:featuredmedia":[{"embeddable":true,"href":"https:\/\/svenskamedbaby.se\/ar\/wp-json\/wp\/v2\/media\/2651"}],"wp:attachment":[{"href":"https:\/\/svenskamedbaby.se\/ar\/wp-json\/wp\/v2\/media?parent=3356"}],"wp:term":[{"taxonomy":"post_tag","embeddable":true,"href":"https:\/\/svenskamedbaby.se\/ar\/wp-json\/wp\/v2\/tags?post=3356"},{"taxonomy":"mec_category","embeddable":true,"href":"https:\/\/svenskamedbaby.se\/ar\/wp-json\/wp\/v2\/mec_category?post=3356"},{"taxonomy":"mec_sponsor","embeddable":true,"href":"https:\/\/svenskamedbaby.se\/ar\/wp-json\/wp\/v2\/mec_sponsor?post=3356"}],"curies":[{"name":"wp","href":"https:\/\/api.w.org\/{rel}","templated":true}]}}

<p>Nu knyter vi ihop terminen tillsammans med en festlig avslutning för hela familjen!</p>



<p>Vi bjuder in till en vernissage där vi ställer ut barnens konstverk som skapats under våren – ett fint tillfälle att se all kreativitet som växt fram! Under vernissagen utser vi också tre vinnare som får en liten present.</p>



<p>Det blir även midsommartema med roliga midsommarlekar för hela familjen. Alla familjer med <strong>barn upp till 10 år</strong> är välkomna, samt<strong> seniorer</strong>.</p>



<p></p>

<p>Nu knyter vi ihop terminen tillsammans med en festlig avslutning för hela familjen! Vi bjuder in till en vernissage där vi ställer ut barnens konstverk som skapats under våren – ett fint tillfälle att se all kreativitet som växt fram! Under vernissagen utser vi också tre vinnare som får en liten present. Det blir även&#8230;</p>

<!-- This site is optimized with the Yoast SEO plugin v27.5 - https://yoast.com/product/yoast-seo-wordpress/ -->
<title>Avslutnings fest - Svenska med baby</title>
<meta name="robots" content="index, follow, max-snippet:-1, max-image-preview:large, max-video-preview:-1" />
<link rel="canonical" href="https://svenskamedbaby.se/ar/verksamheter/dans-och-rorelse-965/" />
<meta property="og:locale" content="ar_AR" />
<meta property="og:type" content="article" />
<meta property="og:title" content="Avslutnings fest - Svenska med baby" />
<meta property="og:description" content="Nu knyter vi ihop terminen tillsammans med en festlig avslutning för hela familjen! Vi bjuder in till en vernissage där vi ställer ut barnens konstverk som skapats under våren – ett fint tillfälle att se all kreativitet som växt fram! Under vernissagen utser vi också tre vinnare som får en liten present. Det blir även..." />
<meta property="og:url" content="https://svenskamedbaby.se/ar/verksamheter/dans-och-rorelse-965/" />
<meta property="og:site_name" content="Svenska med baby" />
<meta property="article:publisher" content="https://www.facebook.com/svenskamedbaby" />
<meta property="article:modified_time" content="2025-06-05T10:33:45+00:00" />
<meta property="og:image" content="https://svenskamedbaby.se/wp-content/uploads/2025/02/Kopia-av-9Z2A0713-scaled.jpg" />
	<meta property="og:image:width" content="2560" />
	<meta property="og:image:height" content="1710" />
	<meta property="og:image:type" content="image/jpeg" />
<meta name="twitter:card" content="summary_large_image" />
<meta name="twitter:label1" content="وقت القراءة المُقدّر" />
	<meta name="twitter:data1" content="دقيقة واحدة" />
<script type="application/ld+json" class="yoast-schema-graph">{"@context":"https:\/\/schema.org","@graph":[{"@type":"WebPage","@id":"https:\/\/svenskamedbaby.se\/verksamheter\/dans-och-rorelse-965\/","url":"https:\/\/svenskamedbaby.se\/verksamheter\/dans-och-rorelse-965\/","name":"Avslutnings fest - Svenska med baby","isPartOf":{"@id":"https:\/\/svenskamedbaby.se\/#website"},"primaryImageOfPage":{"@id":"https:\/\/svenskamedbaby.se\/verksamheter\/dans-och-rorelse-965\/#primaryimage"},"image":{"@id":"https:\/\/svenskamedbaby.se\/verksamheter\/dans-och-rorelse-965\/#primaryimage"},"thumbnailUrl":"https:\/\/svenskamedbaby.se\/wp-content\/uploads\/2025\/02\/Kopia-av-9Z2A0713-scaled.jpg","datePublished":"2025-06-02T13:56:37+00:00","dateModified":"2025-06-05T10:33:45+00:00","breadcrumb":{"@id":"https:\/\/svenskamedbaby.se\/verksamheter\/dans-och-rorelse-965\/#breadcrumb"},"inLanguage":"ar","potentialAction":[{"@type":"ReadAction","target":["https:\/\/svenskamedbaby.se\/verksamheter\/dans-och-rorelse-965\/"]}]},{"@type":"ImageObject","inLanguage":"ar","@id":"https:\/\/svenskamedbaby.se\/verksamheter\/dans-och-rorelse-965\/#primaryimage","url":"https:\/\/svenskamedbaby.se\/wp-content\/uploads\/2025\/02\/Kopia-av-9Z2A0713-scaled.jpg","contentUrl":"https:\/\/svenskamedbaby.se\/wp-content\/uploads\/2025\/02\/Kopia-av-9Z2A0713-scaled.jpg","width":2560,"height":1710},{"@type":"BreadcrumbList","@id":"https:\/\/svenskamedbaby.se\/verksamheter\/dans-och-rorelse-965\/#breadcrumb","itemListElement":[{"@type":"ListItem","position":1,"name":"Home","item":"https:\/\/svenskamedbaby.se\/"},{"@type":"ListItem","position":2,"name":"Evenemang","item":"https:\/\/svenskamedbaby.se\/verksamheter\/"},{"@type":"ListItem","position":3,"name":"Avslutnings fest"}]},{"@type":"WebSite","@id":"https:\/\/svenskamedbaby.se\/#website","url":"https:\/\/svenskamedbaby.se\/","name":"Svenska med baby","description":"Träffar för småbarn och vuxna med olika bakrund","publisher":{"@id":"https:\/\/svenskamedbaby.se\/#organization"},"potentialAction":[{"@type":"SearchAction","target":{"@type":"EntryPoint","urlTemplate":"https:\/\/svenskamedbaby.se\/?s={search_term_string}"},"query-input":{"@type":"PropertyValueSpecification","valueRequired":true,"valueName":"search_term_string"}}],"inLanguage":"ar"},{"@type":"Organization","@id":"https:\/\/svenskamedbaby.se\/#organization","name":"Svenska med baby","url":"https:\/\/svenskamedbaby.se\/","logo":{"@type":"ImageObject","inLanguage":"ar","@id":"https:\/\/svenskamedbaby.se\/#\/schema\/logo\/image\/","url":"https:\/\/svenskamedbaby.se\/wp-content\/uploads\/2024\/01\/cropped-logo-liggande_orange.png","contentUrl":"https:\/\/svenskamedbaby.se\/wp-content\/uploads\/2024\/01\/cropped-logo-liggande_orange.png","width":3101,"height":1056,"caption":"Svenska med baby"},"image":{"@id":"https:\/\/svenskamedbaby.se\/#\/schema\/logo\/image\/"},"sameAs":["https:\/\/www.facebook.com\/svenskamedbaby","https:\/\/www.instagram.com\/svenskamedbaby\/","https:\/\/www.youtube.com\/@svenskamedbaby2469"]}]}</script>
<!-- / Yoast SEO plugin. -->

Nu knyter vi ihop terminen tillsammans med en festlig avslutning för hela familjen! Vi bjuder in till en vernissage där vi ställer ut barnens konstverk som skapats under våren – ett fint tillfälle att se all kreativitet som växt fram! Under vernissagen utser vi också tre vinnare som får en liten present. Det blir även...

دقيقة واحدة

اجتماعات للأطفال الصغار والكبار من خلفيات مختلفة
